{"id":959,"date":"2024-08-09T11:20:01","date_gmt":"2024-08-09T09:20:01","guid":{"rendered":"https:\/\/mygepard.com\/?page_id=959"},"modified":"2024-08-09T11:20:26","modified_gmt":"2024-08-09T09:20:26","slug":"ladowarka-40w-pd","status":"publish","type":"page","link":"https:\/\/mygepard.com\/?page_id=959","title":{"rendered":"\u0141adowarka 40W PD"},"content":{"rendered":"\t\t<div data-elementor-type=\"wp-page\" data-elementor-id=\"959\" class=\"elementor elementor-959\">\n\t\t\t\t\t\t<section class=\"elementor-section elementor-top-section elementor-element elementor-element-7c59074 elementor-section-boxed elementor-section-height-default elementor-section-height-default\" data-id=\"7c59074\" data-element_type=\"section\">\n\t\t\t\t\t\t<div class=\"elementor-container elementor-column-gap-default\">\n\t\t\t\t\t<div class=\"elementor-column elementor-col-50 elementor-top-column elementor-element elementor-element-0b29416\" data-id=\"0b29416\" data-element_type=\"column\" data-settings=\"{&quot;background_background&quot;:&quot;classic&quot;}\">\n\t\t\t<div class=\"elementor-widget-wrap elementor-element-populated\">\n\t\t\t\t\t\t<div class=\"elementor-element elementor-element-f039710 elementor-widget elementor-widget-menu-anchor\" data-id=\"f039710\" data-element_type=\"widget\" data-widget_type=\"menu-anchor.default\">\n\t\t\t\t<div class=\"elementor-widget-container\">\n\t\t\t\t\t\t\t<div class=\"elementor-menu-anchor\" id=\"uchwyt\"><\/div>\n\t\t\t\t\t\t<\/div>\n\t\t\t\t<\/div>\n\t\t\t\t<div class=\"elementor-element elementor-element-c24a567 elementor-widget elementor-widget-heading\" data-id=\"c24a567\" data-element_type=\"widget\" data-widget_type=\"heading.default\">\n\t\t\t\t<div class=\"elementor-widget-container\">\n\t\t\t\t\t<h2 class=\"elementor-heading-title elementor-size-default\">GEPARD<\/h2>\t\t\t\t<\/div>\n\t\t\t\t<\/div>\n\t\t\t\t<div class=\"elementor-element elementor-element-508cfec elementor-widget elementor-widget-heading\" data-id=\"508cfec\" data-element_type=\"widget\" data-widget_type=\"heading.default\">\n\t\t\t\t<div class=\"elementor-widget-container\">\n\t\t\t\t\t<h2 class=\"elementor-heading-title elementor-size-default\">40W PD Fast Charger<\/h2>\t\t\t\t<\/div>\n\t\t\t\t<\/div>\n\t\t\t\t<div class=\"elementor-element elementor-element-1224150 elementor-widget elementor-widget-text-editor\" data-id=\"1224150\" data-element_type=\"widget\" data-widget_type=\"text-editor.default\">\n\t\t\t\t<div class=\"elementor-widget-container\">\n\t\t\t\t\t\t\t\t\t<p>\u0141adowarka 40W PD GEPARD umo\u017cliwia jednoczesne \u0142adowanie trzech urz\u0105dze\u0144, oszcz\u0119dzaj\u0105c zar\u00f3wno czas, jak i miejsce. Posiada dwa porty USB-C wspieraj\u0105ce technologi\u0119 Power Delivery oraz port USB-A z Quick Charge 3.0, co sprawia, \u017ce \u0142adowanie jest do czterech razy szybsze ni\u017c w przypadku tradycyjnych \u0142adowarek. Produkt wykonany jest z ekologicznych materia\u0142\u00f3w, a jego ochrona przed przepi\u0119ciami zabezpiecza pod\u0142\u0105czone urz\u0105dzenia przed uszkodzeniem.<\/p>\t\t\t\t\t\t\t\t<\/div>\n\t\t\t\t<\/div>\n\t\t\t\t<div class=\"elementor-element elementor-element-fa9f997 elementor-widget elementor-widget-heading\" data-id=\"fa9f997\" data-element_type=\"widget\" data-widget_type=\"heading.default\">\n\t\t\t\t<div class=\"elementor-widget-container\">\n\t\t\t\t\t<h2 class=\"elementor-heading-title elementor-size-default\">CECHY PRODUKTU:<\/h2>\t\t\t\t<\/div>\n\t\t\t\t<\/div>\n\t\t\t\t<div class=\"elementor-element elementor-element-ba63e8a elementor-widget elementor-widget-text-editor\" data-id=\"ba63e8a\" data-element_type=\"widget\" data-widget_type=\"text-editor.default\">\n\t\t\t\t<div class=\"elementor-widget-container\">\n\t\t\t\t\t\t\t\t\t<ul><li>Z\u0142\u0105cza: 2x USB-C \/ 1x USB-A<\/li><li>\u0141adowarka 40W PD z szybkim \u0142adowaniem<\/li><li>Technologia Power Delivery<\/li><li>Quick Charge 3.0<\/li><\/ul>\t\t\t\t\t\t\t\t<\/div>\n\t\t\t\t<\/div>\n\t\t\t\t<div class=\"elementor-element elementor-element-0c3bce9 elementor-align-left elementor-widget elementor-widget-button\" data-id=\"0c3bce9\" data-element_type=\"widget\" data-widget_type=\"button.default\">\n\t\t\t\t<div class=\"elementor-widget-container\">\n\t\t\t\t\t\t\t\t\t<div class=\"elementor-button-wrapper\">\n\t\t\t\t\t<a class=\"elementor-button elementor-button-link elementor-size-sm\" href=\"https:\/\/mygepard.com\/wp-content\/uploads\/2024\/06\/Karta-produktowa-GEPARD-ladowarka-40W-EN.pdf\" target=\"_blank\" rel=\"nofollow\">\n\t\t\t\t\t\t<span class=\"elementor-button-content-wrapper\">\n\t\t\t\t\t\t\t\t\t<span class=\"elementor-button-text\">karta produktowa<\/span>\n\t\t\t\t\t<\/span>\n\t\t\t\t\t<\/a>\n\t\t\t\t<\/div>\n\t\t\t\t\t\t\t\t<\/div>\n\t\t\t\t<\/div>\n\t\t\t\t<div class=\"elementor-element elementor-element-627b0fa elementor-align-left elementor-widget elementor-widget-button\" data-id=\"627b0fa\" data-element_type=\"widget\" data-widget_type=\"button.default\">\n\t\t\t\t<div class=\"elementor-widget-container\">\n\t\t\t\t\t\t\t\t\t<div class=\"elementor-button-wrapper\">\n\t\t\t\t\t<a class=\"elementor-button elementor-button-link elementor-size-sm\" href=\"https:\/\/b2b.lamelbrands.com\/produkty\/akcesoria-oryginalne\/gepard\/2-212\">\n\t\t\t\t\t\t<span class=\"elementor-button-content-wrapper\">\n\t\t\t\t\t\t\t\t\t<span class=\"elementor-button-text\">SKLEP B2B  &gt;&gt;&gt;<\/span>\n\t\t\t\t\t<\/span>\n\t\t\t\t\t<\/a>\n\t\t\t\t<\/div>\n\t\t\t\t\t\t\t\t<\/div>\n\t\t\t\t<\/div>\n\t\t\t\t\t<\/div>\n\t\t<\/div>\n\t\t\t\t<div class=\"elementor-column elementor-col-50 elementor-top-column elementor-element elementor-element-6605381\" data-id=\"6605381\" data-element_type=\"column\" data-settings=\"{&quot;background_background&quot;:&quot;classic&quot;}\">\n\t\t\t<div class=\"elementor-widget-wrap elementor-element-populated\">\n\t\t\t\t\t\t<div class=\"elementor-element elementor-element-d1f5c9a elementor-widget__width-initial elementor-invisible elementor-widget elementor-widget-image\" data-id=\"d1f5c9a\" data-element_type=\"widget\" data-settings=\"{&quot;_animation&quot;:&quot;bounceIn&quot;}\" data-widget_type=\"image.default\">\n\t\t\t\t<div class=\"elementor-widget-container\">\n\t\t\t\t\t\t\t\t\t\t\t\t\t\t\t<img fetchpriority=\"high\" decoding=\"async\" width=\"308\" height=\"605\" src=\"https:\/\/mygepard.com\/wp-content\/uploads\/2024\/06\/gepard-charger.png\" class=\"attachment-full size-full wp-image-697\" alt=\"\" srcset=\"https:\/\/mygepard.com\/wp-content\/uploads\/2024\/06\/gepard-charger.png 308w, https:\/\/mygepard.com\/wp-content\/uploads\/2024\/06\/gepard-charger-153x300.png 153w\" sizes=\"(max-width: 308px) 100vw, 308px\" \/>\t\t\t\t\t\t\t\t\t\t\t\t\t\t\t<\/div>\n\t\t\t\t<\/div>\n\t\t\t\t\t<\/div>\n\t\t<\/div>\n\t\t\t\t\t<\/div>\n\t\t<\/section>\n\t\t\t\t<\/div>\n\t\t","protected":false},"excerpt":{"rendered":"<p>GEPARD 40W PD Fast Charger \u0141adowarka 40W PD GEPARD umo\u017cliwia jednoczesne \u0142adowanie trzech urz\u0105dze\u0144, oszcz\u0119dzaj\u0105c zar\u00f3wno czas, jak i miejsce. Posiada dwa porty USB-C wspieraj\u0105ce technologi\u0119 Power Delivery oraz port USB-A z Quick Charge 3.0, co sprawia, \u017ce \u0142adowanie jest do czterech razy szybsze ni\u017c w przypadku tradycyjnych \u0142adowarek. Produkt wykonany jest z ekologicznych materia\u0142\u00f3w,&hellip;&nbsp;<a href=\"https:\/\/mygepard.com\/?page_id=959\" rel=\"bookmark\">Dowiedz si\u0119 wi\u0119cej &raquo;<span class=\"screen-reader-text\">\u0141adowarka 40W PD<\/span><\/a><\/p>\n","protected":false},"author":2,"featured_media":0,"parent":0,"menu_order":0,"comment_status":"closed","ping_status":"closed","template":"page-templates\/template-pagebuilder-full-width.php","meta":{"neve_meta_sidebar":"","neve_meta_container":"","neve_meta_enable_content_width":"","neve_meta_content_width":0,"neve_meta_title_alignment":"","neve_meta_author_avatar":"","neve_post_elements_order":"","neve_meta_disable_header":"","neve_meta_disable_footer":"","neve_meta_disable_title":"","_themeisle_gutenberg_block_has_review":false,"footnotes":""},"class_list":["post-959","page","type-page","status-publish","hentry"],"_links":{"self":[{"href":"https:\/\/mygepard.com\/index.php?rest_route=\/wp\/v2\/pages\/959","targetHints":{"allow":["GET"]}}],"collection":[{"href":"https:\/\/mygepard.com\/index.php?rest_route=\/wp\/v2\/pages"}],"about":[{"href":"https:\/\/mygepard.com\/index.php?rest_route=\/wp\/v2\/types\/page"}],"author":[{"embeddable":true,"href":"https:\/\/mygepard.com\/index.php?rest_route=\/wp\/v2\/users\/2"}],"replies":[{"embeddable":true,"href":"https:\/\/mygepard.com\/index.php?rest_route=%2Fwp%2Fv2%2Fcomments&post=959"}],"version-history":[{"count":4,"href":"https:\/\/mygepard.com\/index.php?rest_route=\/wp\/v2\/pages\/959\/revisions"}],"predecessor-version":[{"id":963,"href":"https:\/\/mygepard.com\/index.php?rest_route=\/wp\/v2\/pages\/959\/revisions\/963"}],"wp:attachment":[{"href":"https:\/\/mygepard.com\/index.php?rest_route=%2Fwp%2Fv2%2Fmedia&parent=959"}],"curies":[{"name":"wp","href":"https:\/\/api.w.org\/{rel}","templated":true}]}}