{"id":949,"date":"2024-08-09T11:16:25","date_gmt":"2024-08-09T09:16:25","guid":{"rendered":"https:\/\/mygepard.com\/?page_id=949"},"modified":"2024-08-09T11:23:19","modified_gmt":"2024-08-09T09:23:19","slug":"elastyczne-szklo-ochronne","status":"publish","type":"page","link":"https:\/\/mygepard.com\/?page_id=949","title":{"rendered":"Elastyczne szk\u0142o ochronne"},"content":{"rendered":"\t\t<div data-elementor-type=\"wp-page\" data-elementor-id=\"949\" class=\"elementor elementor-949\">\n\t\t\t\t\t\t<section class=\"elementor-section elementor-top-section elementor-element elementor-element-394be02 elementor-section-boxed elementor-section-height-default elementor-section-height-default\" data-id=\"394be02\" data-element_type=\"section\">\n\t\t\t\t\t\t<div class=\"elementor-container elementor-column-gap-default\">\n\t\t\t\t\t<div class=\"elementor-column elementor-col-50 elementor-top-column elementor-element elementor-element-eab5dd1\" data-id=\"eab5dd1\" data-element_type=\"column\" data-settings=\"{&quot;background_background&quot;:&quot;classic&quot;}\">\n\t\t\t<div class=\"elementor-widget-wrap elementor-element-populated\">\n\t\t\t\t\t\t<div class=\"elementor-element elementor-element-fe37fa5 elementor-widget elementor-widget-menu-anchor\" data-id=\"fe37fa5\" data-element_type=\"widget\" data-widget_type=\"menu-anchor.default\">\n\t\t\t\t<div class=\"elementor-widget-container\">\n\t\t\t\t\t\t\t<div class=\"elementor-menu-anchor\" id=\"szklohybrydowe\"><\/div>\n\t\t\t\t\t\t<\/div>\n\t\t\t\t<\/div>\n\t\t\t\t<div class=\"elementor-element elementor-element-42cf54a elementor-widget elementor-widget-heading\" data-id=\"42cf54a\" data-element_type=\"widget\" data-widget_type=\"heading.default\">\n\t\t\t\t<div class=\"elementor-widget-container\">\n\t\t\t\t\t<h2 class=\"elementor-heading-title elementor-size-default\">GEPARD<\/h2>\t\t\t\t<\/div>\n\t\t\t\t<\/div>\n\t\t\t\t<div class=\"elementor-element elementor-element-5e18abc elementor-widget elementor-widget-heading\" data-id=\"5e18abc\" data-element_type=\"widget\" data-widget_type=\"heading.default\">\n\t\t\t\t<div class=\"elementor-widget-container\">\n\t\t\t\t\t<h2 class=\"elementor-heading-title elementor-size-default\">ELASTYCZNE SZK\u0141O OCHRONNE<\/h2>\t\t\t\t<\/div>\n\t\t\t\t<\/div>\n\t\t\t\t<div class=\"elementor-element elementor-element-ec7c83e elementor-widget elementor-widget-text-editor\" data-id=\"ec7c83e\" data-element_type=\"widget\" data-widget_type=\"text-editor.default\">\n\t\t\t\t<div class=\"elementor-widget-container\">\n\t\t\t\t\t\t\t\t\t<p>Idealnie prze\u017aroczyste o du\u017cej odporno\u015bci na zarysowania (twardo\u015b\u0107 powierzchni 6H). Nie \u0142amie si\u0119 i nie kruszy na kraw\u0119dziach. Poprawia ochron\u0119 ekranu przed uszkodzeniem r\u00f3wnie\u017c podczas upadku. Oleofobowa powierzchnia szk\u0142a pozwala na \u0142atwe usuwanie wszelkich zabrudze\u0144 (odciski palc\u00f3w, \u015blady od kosmetyk\u00f3w) co poprawia komfort u\u017cytkowania. Nie wp\u0142ywa na dzia\u0142anie funkcji dotykowych ekranu. \u0141atwe do na\u0142o\u017cenia (bez p\u0119cherzy powietrza) oraz do usuni\u0119cia \u2013 nie pozostawia \u015blad\u00f3w na ekranie.<\/p>\t\t\t\t\t\t\t\t<\/div>\n\t\t\t\t<\/div>\n\t\t\t\t<div class=\"elementor-element elementor-element-79ad039 elementor-widget elementor-widget-heading\" data-id=\"79ad039\" data-element_type=\"widget\" data-widget_type=\"heading.default\">\n\t\t\t\t<div class=\"elementor-widget-container\">\n\t\t\t\t\t<h2 class=\"elementor-heading-title elementor-size-default\">CECHY PRODUKTU:<\/h2>\t\t\t\t<\/div>\n\t\t\t\t<\/div>\n\t\t\t\t<div class=\"elementor-element elementor-element-c2e54aa elementor-widget elementor-widget-text-editor\" data-id=\"c2e54aa\" data-element_type=\"widget\" data-widget_type=\"text-editor.default\">\n\t\t\t\t<div class=\"elementor-widget-container\">\n\t\t\t\t\t\t\t\t\t<ul><li>Odporno\u015b\u0107 na zarysowania 6H<\/li><li>Ochrona ekranu przed uszkodzeniem<\/li><li><span style=\"font-size: var(--bodyfontsize); letter-spacing: var(--bodyletterspacing); text-transform: var(--bodytexttransform);\">Naturalny dotyk<\/span><\/li><li><span style=\"font-size: var(--bodyfontsize); letter-spacing: var(--bodyletterspacing); text-transform: var(--bodytexttransform);\">Idealna przezroczysto\u015b\u0107 charakterystyczna dla szk\u0142a<\/span><\/li><li><span style=\"font-size: var(--bodyfontsize); letter-spacing: var(--bodyletterspacing); text-transform: var(--bodytexttransform);\">\u0141atwe czyszczenie<\/span><\/li><\/ul>\t\t\t\t\t\t\t\t<\/div>\n\t\t\t\t<\/div>\n\t\t\t\t<div class=\"elementor-element elementor-element-a416e43 elementor-align-left elementor-widget elementor-widget-button\" data-id=\"a416e43\" data-element_type=\"widget\" data-widget_type=\"button.default\">\n\t\t\t\t<div class=\"elementor-widget-container\">\n\t\t\t\t\t\t\t\t\t<div class=\"elementor-button-wrapper\">\n\t\t\t\t\t<a class=\"elementor-button elementor-button-link elementor-size-sm\" href=\"https:\/\/mygepard.com\/wp-content\/uploads\/2023\/08\/Karta-produktowa-szklo-elastyczne-Flexible-Glass-GEPARD.pdf\" target=\"_blank\" rel=\"nofollow\">\n\t\t\t\t\t\t<span class=\"elementor-button-content-wrapper\">\n\t\t\t\t\t\t\t\t\t<span class=\"elementor-button-text\">KARTA PRODUKTOWA<\/span>\n\t\t\t\t\t<\/span>\n\t\t\t\t\t<\/a>\n\t\t\t\t<\/div>\n\t\t\t\t\t\t\t\t<\/div>\n\t\t\t\t<\/div>\n\t\t\t\t<div class=\"elementor-element elementor-element-980b81f elementor-align-left elementor-widget elementor-widget-button\" data-id=\"980b81f\" data-element_type=\"widget\" data-widget_type=\"button.default\">\n\t\t\t\t<div class=\"elementor-widget-container\">\n\t\t\t\t\t\t\t\t\t<div class=\"elementor-button-wrapper\">\n\t\t\t\t\t<a class=\"elementor-button elementor-button-link elementor-size-sm\" href=\"https:\/\/b2b.lamelbrands.com\/produkty\/akcesoria-oryginalne\/gepard\/2-212\">\n\t\t\t\t\t\t<span class=\"elementor-button-content-wrapper\">\n\t\t\t\t\t\t\t\t\t<span class=\"elementor-button-text\">SKLEP B2B  &gt;&gt;&gt;<\/span>\n\t\t\t\t\t<\/span>\n\t\t\t\t\t<\/a>\n\t\t\t\t<\/div>\n\t\t\t\t\t\t\t\t<\/div>\n\t\t\t\t<\/div>\n\t\t\t\t\t<\/div>\n\t\t<\/div>\n\t\t\t\t<div class=\"elementor-column elementor-col-50 elementor-top-column elementor-element elementor-element-ff6fdd8\" data-id=\"ff6fdd8\" data-element_type=\"column\" data-settings=\"{&quot;background_background&quot;:&quot;classic&quot;}\">\n\t\t\t<div class=\"elementor-widget-wrap elementor-element-populated\">\n\t\t\t\t\t\t<div class=\"elementor-element elementor-element-b32593a elementor-invisible elementor-widget elementor-widget-image\" data-id=\"b32593a\" data-element_type=\"widget\" data-settings=\"{&quot;_animation&quot;:&quot;bounceIn&quot;}\" data-widget_type=\"image.default\">\n\t\t\t\t<div class=\"elementor-widget-container\">\n\t\t\t\t\t\t\t\t\t\t\t\t\t\t\t<img fetchpriority=\"high\" decoding=\"async\" width=\"437\" height=\"1024\" src=\"https:\/\/mygepard.com\/wp-content\/uploads\/2023\/06\/GEPARD-ELASTYCZNE-SZKLO-OCHRONNE-437x1024.png\" class=\"attachment-large size-large wp-image-393\" alt=\"\" srcset=\"https:\/\/mygepard.com\/wp-content\/uploads\/2023\/06\/GEPARD-ELASTYCZNE-SZKLO-OCHRONNE-437x1024.png 437w, https:\/\/mygepard.com\/wp-content\/uploads\/2023\/06\/GEPARD-ELASTYCZNE-SZKLO-OCHRONNE-128x300.png 128w, https:\/\/mygepard.com\/wp-content\/uploads\/2023\/06\/GEPARD-ELASTYCZNE-SZKLO-OCHRONNE.png 598w\" sizes=\"(max-width: 437px) 100vw, 437px\" \/>\t\t\t\t\t\t\t\t\t\t\t\t\t\t\t<\/div>\n\t\t\t\t<\/div>\n\t\t\t\t\t<\/div>\n\t\t<\/div>\n\t\t\t\t\t<\/div>\n\t\t<\/section>\n\t\t\t\t<\/div>\n\t\t","protected":false},"excerpt":{"rendered":"<p>GEPARD ELASTYCZNE SZK\u0141O OCHRONNE Idealnie prze\u017aroczyste o du\u017cej odporno\u015bci na zarysowania (twardo\u015b\u0107 powierzchni 6H). Nie \u0142amie si\u0119 i nie kruszy na kraw\u0119dziach. Poprawia ochron\u0119 ekranu przed uszkodzeniem r\u00f3wnie\u017c podczas upadku. Oleofobowa powierzchnia szk\u0142a pozwala na \u0142atwe usuwanie wszelkich zabrudze\u0144 (odciski palc\u00f3w, \u015blady od kosmetyk\u00f3w) co poprawia komfort u\u017cytkowania. Nie wp\u0142ywa na dzia\u0142anie funkcji dotykowych ekranu.&hellip;&nbsp;<a href=\"https:\/\/mygepard.com\/?page_id=949\" rel=\"bookmark\">Dowiedz si\u0119 wi\u0119cej &raquo;<span class=\"screen-reader-text\">Elastyczne szk\u0142o ochronne<\/span><\/a><\/p>\n","protected":false},"author":2,"featured_media":0,"parent":0,"menu_order":0,"comment_status":"closed","ping_status":"closed","template":"page-templates\/template-pagebuilder-full-width.php","meta":{"neve_meta_sidebar":"","neve_meta_container":"","neve_meta_enable_content_width":"","neve_meta_content_width":0,"neve_meta_title_alignment":"","neve_meta_author_avatar":"","neve_post_elements_order":"","neve_meta_disable_header":"","neve_meta_disable_footer":"","neve_meta_disable_title":"","_themeisle_gutenberg_block_has_review":false,"footnotes":""},"class_list":["post-949","page","type-page","status-publish","hentry"],"_links":{"self":[{"href":"https:\/\/mygepard.com\/index.php?rest_route=\/wp\/v2\/pages\/949","targetHints":{"allow":["GET"]}}],"collection":[{"href":"https:\/\/mygepard.com\/index.php?rest_route=\/wp\/v2\/pages"}],"about":[{"href":"https:\/\/mygepard.com\/index.php?rest_route=\/wp\/v2\/types\/page"}],"author":[{"embeddable":true,"href":"https:\/\/mygepard.com\/index.php?rest_route=\/wp\/v2\/users\/2"}],"replies":[{"embeddable":true,"href":"https:\/\/mygepard.com\/index.php?rest_route=%2Fwp%2Fv2%2Fcomments&post=949"}],"version-history":[{"count":5,"href":"https:\/\/mygepard.com\/index.php?rest_route=\/wp\/v2\/pages\/949\/revisions"}],"predecessor-version":[{"id":974,"href":"https:\/\/mygepard.com\/index.php?rest_route=\/wp\/v2\/pages\/949\/revisions\/974"}],"wp:attachment":[{"href":"https:\/\/mygepard.com\/index.php?rest_route=%2Fwp%2Fv2%2Fmedia&parent=949"}],"curies":[{"name":"wp","href":"https:\/\/api.w.org\/{rel}","templated":true}]}}